{"id":1046,"date":"2022-06-03T14:41:11","date_gmt":"2022-06-03T21:41:11","guid":{"rendered":"https:\/\/prosperitylab.org\/plb\/?page_id=1046"},"modified":"2026-03-16T16:03:10","modified_gmt":"2026-03-16T23:03:10","slug":"boards-of-directors","status":"publish","type":"page","link":"https:\/\/prosperitylab.org\/plb\/boards-of-directors\/","title":{"rendered":"Boards Of Directors"},"content":{"rendered":"<p><img fetchpriority=\"high\" decoding=\"async\" width=\"231\" height=\"300\" src=\"https:\/\/prosperitylab.org\/plb\/wp-content\/uploads\/2024\/04\/16_5_11zon-231x300.webp\" alt=\"\" srcset=\"https:\/\/prosperitylab.org\/plb\/wp-content\/uploads\/2024\/04\/16_5_11zon-231x300.webp 231w, https:\/\/prosperitylab.org\/plb\/wp-content\/uploads\/2024\/04\/16_5_11zon-788x1024.webp 788w, https:\/\/prosperitylab.org\/plb\/wp-content\/uploads\/2024\/04\/16_5_11zon-768x998.webp 768w, https:\/\/prosperitylab.org\/plb\/wp-content\/uploads\/2024\/04\/16_5_11zon-62x80.webp 62w, https:\/\/prosperitylab.org\/plb\/wp-content\/uploads\/2024\/04\/16_5_11zon-360x468.webp 360w, https:\/\/prosperitylab.org\/plb\/wp-content\/uploads\/2024\/04\/16_5_11zon-373x485.webp 373w, https:\/\/prosperitylab.org\/plb\/wp-content\/uploads\/2024\/04\/16_5_11zon-620x806.webp 620w, https:\/\/prosperitylab.org\/plb\/wp-content\/uploads\/2024\/04\/16_5_11zon-460x598.webp 460w, https:\/\/prosperitylab.org\/plb\/wp-content\/uploads\/2024\/04\/16_5_11zon-365x475.webp 365w, https:\/\/prosperitylab.org\/plb\/wp-content\/uploads\/2024\/04\/16_5_11zon-300x390.webp 300w, https:\/\/prosperitylab.org\/plb\/wp-content\/uploads\/2024\/04\/16_5_11zon.webp 1000w\" sizes=\"(max-width: 231px) 100vw, 231px\" \/>\t\t\t\t\t\t\t\t\t\t\t\t\t\t\t<\/p>\n<h2>Mimi M Hern\u00e1ndez<\/h2>\n<p>CEO &amp; Board President<\/p>\n<p>\t\t\t\t\t\t\t\t\t\t\t\t\t\t\t<img decoding=\"async\" width=\"270\" height=\"300\" data-src=\"https:\/\/prosperitylab.org\/plb\/wp-content\/uploads\/2022\/06\/Connie-270x300-1.jpeg\" alt=\"\" data-srcset=\"https:\/\/prosperitylab.org\/plb\/wp-content\/uploads\/2022\/06\/Connie-270x300-1.jpeg 270w, https:\/\/prosperitylab.org\/plb\/wp-content\/uploads\/2022\/06\/Connie-270x300-1-72x80.jpeg 72w\" data-sizes=\"(max-width: 270px) 100vw, 270px\" src=\"data:image\/svg+xml;base64,PHN2ZyB3aWR0aD0iMSIgaGVpZ2h0PSIxIiB4bWxucz0iaHR0cDovL3d3dy53My5vcmcvMjAwMC9zdmciPjwvc3ZnPg==\" class=\"lazyload\" style=\"--smush-placeholder-width: 270px; --smush-placeholder-aspect-ratio: 270\/300;\" \/>\t\t\t\t\t\t\t\t\t\t\t\t\t\t\t<\/p>\n<h2>Mimi M Hern\u00e1ndez<\/h2>\n<p><strong>Vice President<\/strong><strong><br \/>Business Owner<\/strong><br \/>Plaza Jewelers and Friendship Hall<\/p>\n<h2>Connie \u00c1lvarez<\/h2>\n<p><strong>Vice President<\/strong><strong><br \/>Business Owner<\/strong><br \/>Plaza Jewelers and Friendship Hall<\/p>\n<p>\t\t\t\t\t\t\t\t\t\t\t\t\t\t\t<img decoding=\"async\" width=\"270\" height=\"300\" data-src=\"https:\/\/prosperitylab.org\/plb\/wp-content\/uploads\/2022\/06\/Connie-270x300-1.jpeg\" alt=\"\" data-srcset=\"https:\/\/prosperitylab.org\/plb\/wp-content\/uploads\/2022\/06\/Connie-270x300-1.jpeg 270w, https:\/\/prosperitylab.org\/plb\/wp-content\/uploads\/2022\/06\/Connie-270x300-1-72x80.jpeg 72w\" data-sizes=\"(max-width: 270px) 100vw, 270px\" src=\"data:image\/svg+xml;base64,PHN2ZyB3aWR0aD0iMSIgaGVpZ2h0PSIxIiB4bWxucz0iaHR0cDovL3d3dy53My5vcmcvMjAwMC9zdmciPjwvc3ZnPg==\" class=\"lazyload\" style=\"--smush-placeholder-width: 270px; --smush-placeholder-aspect-ratio: 270\/300;\" \/><br \/>\n\t\t\t\t\t\t\t\t\t\t\t\t\t\t\t<img decoding=\"async\" width=\"215\" height=\"300\" data-src=\"https:\/\/prosperitylab.org\/plb\/wp-content\/uploads\/2025\/06\/2025_BOD-215x300.png\" alt=\"\" data-srcset=\"https:\/\/prosperitylab.org\/plb\/wp-content\/uploads\/2025\/06\/2025_BOD-215x300.png 215w, https:\/\/prosperitylab.org\/plb\/wp-content\/uploads\/2025\/06\/2025_BOD-734x1024.png 734w, https:\/\/prosperitylab.org\/plb\/wp-content\/uploads\/2025\/06\/2025_BOD-768x1072.png 768w, https:\/\/prosperitylab.org\/plb\/wp-content\/uploads\/2025\/06\/2025_BOD-57x80.png 57w, https:\/\/prosperitylab.org\/plb\/wp-content\/uploads\/2025\/06\/2025_BOD-360x503.png 360w, https:\/\/prosperitylab.org\/plb\/wp-content\/uploads\/2025\/06\/2025_BOD-373x521.png 373w, https:\/\/prosperitylab.org\/plb\/wp-content\/uploads\/2025\/06\/2025_BOD-620x865.png 620w, https:\/\/prosperitylab.org\/plb\/wp-content\/uploads\/2025\/06\/2025_BOD-460x642.png 460w, https:\/\/prosperitylab.org\/plb\/wp-content\/uploads\/2025\/06\/2025_BOD-365x509.png 365w, https:\/\/prosperitylab.org\/plb\/wp-content\/uploads\/2025\/06\/2025_BOD-300x419.png 300w, https:\/\/prosperitylab.org\/plb\/wp-content\/uploads\/2025\/06\/2025_BOD.png 778w\" data-sizes=\"(max-width: 215px) 100vw, 215px\" src=\"data:image\/svg+xml;base64,PHN2ZyB3aWR0aD0iMSIgaGVpZ2h0PSIxIiB4bWxucz0iaHR0cDovL3d3dy53My5vcmcvMjAwMC9zdmciPjwvc3ZnPg==\" class=\"lazyload\" style=\"--smush-placeholder-width: 215px; --smush-placeholder-aspect-ratio: 215\/300;\" \/>\t\t\t\t\t\t\t\t\t\t\t\t\t\t\t<\/p>\n<h2>Mar\u00eda \u201cSole\u201d Fidelina Sole<\/h2>\n<p><strong>Board Secretary<\/strong><\/p>\n<p>Business Owner<strong>,\u00a0<\/strong>TruGuard Insurance Agency<\/p>\n<p>\t\t\t\t\t\t\t\t\t\t\t\t\t\t\t<img decoding=\"async\" width=\"242\" height=\"300\" data-src=\"https:\/\/prosperitylab.org\/plb\/wp-content\/uploads\/2025\/06\/2025_BOD-1-242x300.png\" alt=\"\" data-srcset=\"https:\/\/prosperitylab.org\/plb\/wp-content\/uploads\/2025\/06\/2025_BOD-1-242x300.png 242w, https:\/\/prosperitylab.org\/plb\/wp-content\/uploads\/2025\/06\/2025_BOD-1-64x80.png 64w, https:\/\/prosperitylab.org\/plb\/wp-content\/uploads\/2025\/06\/2025_BOD-1-360x447.png 360w, https:\/\/prosperitylab.org\/plb\/wp-content\/uploads\/2025\/06\/2025_BOD-1-373x463.png 373w, https:\/\/prosperitylab.org\/plb\/wp-content\/uploads\/2025\/06\/2025_BOD-1-460x571.png 460w, https:\/\/prosperitylab.org\/plb\/wp-content\/uploads\/2025\/06\/2025_BOD-1-365x453.png 365w, https:\/\/prosperitylab.org\/plb\/wp-content\/uploads\/2025\/06\/2025_BOD-1-300x372.png 300w, https:\/\/prosperitylab.org\/plb\/wp-content\/uploads\/2025\/06\/2025_BOD-1.png 532w\" data-sizes=\"(max-width: 242px) 100vw, 242px\" src=\"data:image\/svg+xml;base64,PHN2ZyB3aWR0aD0iMSIgaGVpZ2h0PSIxIiB4bWxucz0iaHR0cDovL3d3dy53My5vcmcvMjAwMC9zdmciPjwvc3ZnPg==\" class=\"lazyload\" style=\"--smush-placeholder-width: 242px; --smush-placeholder-aspect-ratio: 242\/300;\" \/>\t\t\t\t\t\t\t\t\t\t\t\t\t\t\t<\/p>\n<h2>Antonio Aguilar Jr.<\/h2>\n<p><strong>Business Owner<\/strong><\/p>\n<p>Member at large<\/p>\n<p>Sr. Program Manager<\/p>\n<h2>Antonio Aguilar Jr.<\/h2>\n<p><strong>Member at Large<\/strong><\/p>\n<p>Sr. Program Manager,\u00a0CAMEO Network<\/p>\n<p>\t\t\t\t\t\t\t\t\t\t\t\t\t\t\t<img decoding=\"async\" width=\"242\" height=\"300\" data-src=\"https:\/\/prosperitylab.org\/plb\/wp-content\/uploads\/2025\/06\/2025_BOD-1-242x300.png\" alt=\"\" data-srcset=\"https:\/\/prosperitylab.org\/plb\/wp-content\/uploads\/2025\/06\/2025_BOD-1-242x300.png 242w, https:\/\/prosperitylab.org\/plb\/wp-content\/uploads\/2025\/06\/2025_BOD-1-64x80.png 64w, https:\/\/prosperitylab.org\/plb\/wp-content\/uploads\/2025\/06\/2025_BOD-1-360x447.png 360w, https:\/\/prosperitylab.org\/plb\/wp-content\/uploads\/2025\/06\/2025_BOD-1-373x463.png 373w, https:\/\/prosperitylab.org\/plb\/wp-content\/uploads\/2025\/06\/2025_BOD-1-460x571.png 460w, https:\/\/prosperitylab.org\/plb\/wp-content\/uploads\/2025\/06\/2025_BOD-1-365x453.png 365w, https:\/\/prosperitylab.org\/plb\/wp-content\/uploads\/2025\/06\/2025_BOD-1-300x372.png 300w, https:\/\/prosperitylab.org\/plb\/wp-content\/uploads\/2025\/06\/2025_BOD-1.png 532w\" data-sizes=\"(max-width: 242px) 100vw, 242px\" src=\"data:image\/svg+xml;base64,PHN2ZyB3aWR0aD0iMSIgaGVpZ2h0PSIxIiB4bWxucz0iaHR0cDovL3d3dy53My5vcmcvMjAwMC9zdmciPjwvc3ZnPg==\" class=\"lazyload\" style=\"--smush-placeholder-width: 242px; --smush-placeholder-aspect-ratio: 242\/300;\" \/><br \/>\n\t\t\t\t\t\t\t\t\t\t\t\t\t\t\t<img decoding=\"async\" width=\"258\" height=\"300\" data-src=\"https:\/\/prosperitylab.org\/plb\/wp-content\/uploads\/2025\/06\/2025_BOD-2-258x300.png\" alt=\"\" data-srcset=\"https:\/\/prosperitylab.org\/plb\/wp-content\/uploads\/2025\/06\/2025_BOD-2-258x300.png 258w, https:\/\/prosperitylab.org\/plb\/wp-content\/uploads\/2025\/06\/2025_BOD-2-69x80.png 69w, https:\/\/prosperitylab.org\/plb\/wp-content\/uploads\/2025\/06\/2025_BOD-2-360x418.png 360w, https:\/\/prosperitylab.org\/plb\/wp-content\/uploads\/2025\/06\/2025_BOD-2-373x433.png 373w, https:\/\/prosperitylab.org\/plb\/wp-content\/uploads\/2025\/06\/2025_BOD-2-365x424.png 365w, https:\/\/prosperitylab.org\/plb\/wp-content\/uploads\/2025\/06\/2025_BOD-2-300x348.png 300w, https:\/\/prosperitylab.org\/plb\/wp-content\/uploads\/2025\/06\/2025_BOD-2.png 434w\" data-sizes=\"(max-width: 258px) 100vw, 258px\" src=\"data:image\/svg+xml;base64,PHN2ZyB3aWR0aD0iMSIgaGVpZ2h0PSIxIiB4bWxucz0iaHR0cDovL3d3dy53My5vcmcvMjAwMC9zdmciPjwvc3ZnPg==\" class=\"lazyload\" style=\"--smush-placeholder-width: 258px; --smush-placeholder-aspect-ratio: 258\/300;\" \/>\t\t\t\t\t\t\t\t\t\t\t\t\t\t\t<\/p>\n<h2>Reyna Fern\u00e1ndez<\/h2>\n<p><strong>Member at Large<\/strong><\/p>\n<p>Business Owner, Colibr\u00ed Pottery Studio<\/p>\n<p>\t\t\t\t\t\t\t\t\t\t\t\t\t\t\t<img decoding=\"async\" width=\"275\" height=\"300\" data-src=\"https:\/\/prosperitylab.org\/plb\/wp-content\/uploads\/2025\/06\/2025_BOD-3-275x300.png\" alt=\"\" data-srcset=\"https:\/\/prosperitylab.org\/plb\/wp-content\/uploads\/2025\/06\/2025_BOD-3-275x300.png 275w, https:\/\/prosperitylab.org\/plb\/wp-content\/uploads\/2025\/06\/2025_BOD-3-73x80.png 73w, https:\/\/prosperitylab.org\/plb\/wp-content\/uploads\/2025\/06\/2025_BOD-3-360x393.png 360w, https:\/\/prosperitylab.org\/plb\/wp-content\/uploads\/2025\/06\/2025_BOD-3-373x407.png 373w, https:\/\/prosperitylab.org\/plb\/wp-content\/uploads\/2025\/06\/2025_BOD-3-460x502.png 460w, https:\/\/prosperitylab.org\/plb\/wp-content\/uploads\/2025\/06\/2025_BOD-3-365x399.png 365w, https:\/\/prosperitylab.org\/plb\/wp-content\/uploads\/2025\/06\/2025_BOD-3-300x328.png 300w, https:\/\/prosperitylab.org\/plb\/wp-content\/uploads\/2025\/06\/2025_BOD-3.png 478w\" data-sizes=\"(max-width: 275px) 100vw, 275px\" src=\"data:image\/svg+xml;base64,PHN2ZyB3aWR0aD0iMSIgaGVpZ2h0PSIxIiB4bWxucz0iaHR0cDovL3d3dy53My5vcmcvMjAwMC9zdmciPjwvc3ZnPg==\" class=\"lazyload\" style=\"--smush-placeholder-width: 275px; --smush-placeholder-aspect-ratio: 275\/300;\" \/>\t\t\t\t\t\t\t\t\t\t\t\t\t\t\t<\/p>\n<h2>Jorge G Carrasco<\/h2>\n<p><strong>Business Owner<\/strong><\/p>\n<p>Member at Large<\/p>\n<p>I can Bucket &amp; Bethinketh LLC<\/p>\n<h2>Jorge G Carrasco<\/h2>\n<p><strong>Member at Large<\/strong><\/p>\n<p>Business Owner, I can Bucket &amp; Bethinketh LLC<\/p>\n<p>\t\t\t\t\t\t\t\t\t\t\t\t\t\t\t<img decoding=\"async\" width=\"275\" height=\"300\" data-src=\"https:\/\/prosperitylab.org\/plb\/wp-content\/uploads\/2025\/06\/2025_BOD-3-275x300.png\" alt=\"\" data-srcset=\"https:\/\/prosperitylab.org\/plb\/wp-content\/uploads\/2025\/06\/2025_BOD-3-275x300.png 275w, https:\/\/prosperitylab.org\/plb\/wp-content\/uploads\/2025\/06\/2025_BOD-3-73x80.png 73w, https:\/\/prosperitylab.org\/plb\/wp-content\/uploads\/2025\/06\/2025_BOD-3-360x393.png 360w, https:\/\/prosperitylab.org\/plb\/wp-content\/uploads\/2025\/06\/2025_BOD-3-373x407.png 373w, https:\/\/prosperitylab.org\/plb\/wp-content\/uploads\/2025\/06\/2025_BOD-3-460x502.png 460w, https:\/\/prosperitylab.org\/plb\/wp-content\/uploads\/2025\/06\/2025_BOD-3-365x399.png 365w, https:\/\/prosperitylab.org\/plb\/wp-content\/uploads\/2025\/06\/2025_BOD-3-300x328.png 300w, https:\/\/prosperitylab.org\/plb\/wp-content\/uploads\/2025\/06\/2025_BOD-3.png 478w\" data-sizes=\"(max-width: 275px) 100vw, 275px\" src=\"data:image\/svg+xml;base64,PHN2ZyB3aWR0aD0iMSIgaGVpZ2h0PSIxIiB4bWxucz0iaHR0cDovL3d3dy53My5vcmcvMjAwMC9zdmciPjwvc3ZnPg==\" class=\"lazyload\" style=\"--smush-placeholder-width: 275px; --smush-placeholder-aspect-ratio: 275\/300;\" \/><br \/>\n\t\t\t\t\t\t\t\t\t\t\t\t\t\t\t<img decoding=\"async\" width=\"265\" height=\"300\" data-src=\"https:\/\/prosperitylab.org\/plb\/wp-content\/uploads\/2025\/06\/2025_BOD-4-265x300.png\" alt=\"\" data-srcset=\"https:\/\/prosperitylab.org\/plb\/wp-content\/uploads\/2025\/06\/2025_BOD-4-265x300.png 265w, https:\/\/prosperitylab.org\/plb\/wp-content\/uploads\/2025\/06\/2025_BOD-4-71x80.png 71w, https:\/\/prosperitylab.org\/plb\/wp-content\/uploads\/2025\/06\/2025_BOD-4-360x408.png 360w, https:\/\/prosperitylab.org\/plb\/wp-content\/uploads\/2025\/06\/2025_BOD-4-373x422.png 373w, https:\/\/prosperitylab.org\/plb\/wp-content\/uploads\/2025\/06\/2025_BOD-4-365x413.png 365w, https:\/\/prosperitylab.org\/plb\/wp-content\/uploads\/2025\/06\/2025_BOD-4-300x340.png 300w, https:\/\/prosperitylab.org\/plb\/wp-content\/uploads\/2025\/06\/2025_BOD-4.png 454w\" data-sizes=\"(max-width: 265px) 100vw, 265px\" src=\"data:image\/svg+xml;base64,PHN2ZyB3aWR0aD0iMSIgaGVpZ2h0PSIxIiB4bWxucz0iaHR0cDovL3d3dy53My5vcmcvMjAwMC9zdmciPjwvc3ZnPg==\" class=\"lazyload\" style=\"--smush-placeholder-width: 265px; --smush-placeholder-aspect-ratio: 265\/300;\" \/>\t\t\t\t\t\t\t\t\t\t\t\t\t\t\t<\/p>\n<h2>Claudia L\u00f3pez<\/h2>\n<p><strong>Member at Large<\/strong><\/p>\n<p>Business Owner, The Guatemalan Boutique<\/p>\n","protected":false},"excerpt":{"rendered":"<p class=\"tx-excerpt\">Mimi M Hern\u00e1ndez CEO &amp; Board President Mimi M Hern\u00e1ndez Vice PresidentBusiness OwnerPlaza Jewelers and Friendship Hall Connie \u00c1lvarez Vice PresidentBusiness OwnerPlaza Jewelers and Friendship Hall Mar\u00eda \u201cSole\u201d","protected":false},"author":1,"featured_media":0,"parent":0,"menu_order":0,"comment_status":"closed","ping_status":"closed","template":"templates\/blank.php","meta":{"give_campaign_id":0,"footnotes":""},"class_list":["post-1046","page","type-page","status-publish","hentry"],"campaignId":"","_links":{"self":[{"href":"https:\/\/prosperitylab.org\/plb\/wp-json\/wp\/v2\/pages\/1046","targetHints":{"allow":["GET"]}}],"collection":[{"href":"https:\/\/prosperitylab.org\/plb\/wp-json\/wp\/v2\/pages"}],"about":[{"href":"https:\/\/prosperitylab.org\/plb\/wp-json\/wp\/v2\/types\/page"}],"author":[{"embeddable":true,"href":"https:\/\/prosperitylab.org\/plb\/wp-json\/wp\/v2\/users\/1"}],"replies":[{"embeddable":true,"href":"https:\/\/prosperitylab.org\/plb\/wp-json\/wp\/v2\/comments?post=1046"}],"version-history":[{"count":34,"href":"https:\/\/prosperitylab.org\/plb\/wp-json\/wp\/v2\/pages\/1046\/revisions"}],"predecessor-version":[{"id":4347,"href":"https:\/\/prosperitylab.org\/plb\/wp-json\/wp\/v2\/pages\/1046\/revisions\/4347"}],"wp:attachment":[{"href":"https:\/\/prosperitylab.org\/plb\/wp-json\/wp\/v2\/media?parent=1046"}],"curies":[{"name":"wp","href":"https:\/\/api.w.org\/{rel}","templated":true}]}}